 2269, -3*n = -3*p - 1698. What is the hundreds digit of n?
5
Suppose -2*j - 2*i = -3302, j - 3*i - 1578 = 53. What is the thousands digit of j?
1
Suppose 0*f + 4*f = 0. Suppose 4*w = f, 3*n - 2*w = 158 - 11. What is the tens digit of n?
4
Suppose 5*n + 671 = 3*u, 102 = 2*u - n - 350. What is the hundreds digit of u/3*(0 - -3)?
2
Suppose -3*p + 128 = -2*p. Suppose -4*v + 2*v = -p. What is the units digit of v?
4
Suppose -8*c + 8013 = 877. What is the hundreds digit of c?
8
Let s = -22 - -422. Suppose s = 4*v + v. What is the tens digit of v?
8
Suppose -11*x + 10*x + 94 = 0. Suppose 3*p - x = -t, -4*p = 3*t - 2*p - 282. What is the tens digit of t?
9
Suppose 5*d + 15 = -z, 4*z - 2*d - 16 = -3*d. Suppose 3*i = -4*m + 23, z*m - i - 10 - 14 = 0. What is the units digit of m?
5
Suppose 10 = -2*c - 3*c - 5*w, -5*c + 4*w = 10. Let d(r) = -r**2 + 12*r - 55. Let s(l) = 3*l - 14. Let t(h) = c*d(h) + 9*s(h). What is the units digit of t(5)?
9
Suppose -2*l + 1383 = -4*v - 171, -5*l + 3885 = 4*v. What is the units digit of l?
7
Suppose -2*p + 3*p = 43. Let t = p + -29. What is the tens digit of t?
1
Let x be 106 - (9/6)/((-15)/20). Suppose -r + 4*z = -x, -2*z + 3*z = 3. What is the hundreds digit of r?
1
Let h(j) be the third derivative of j**6/120 - j**5/12 + j**4/12 - j**3 + j**2. Suppose 0 = -6*t + 9*t - 15. What is the units digit of h(t)?
4
Let i = -153 - -276. What is the units digit of i?
3
Let a(z) = z**3 + 9*z**2 + 7*z - 14. Let v be 2 - (30/3 + -2). What is the units digit of a(v)?
2
Let c = 913 + -261. What is the units digit of c?
2
Let i = -123 - -1407. What is the units digit of i?
4
Suppose -302 = -k - 97. What is the units digit of k?
5
Let d = 20 - 18. Let a be (-4)/8 - 141/d. Let q = -36 - a. What is the units digit of q?
5
Let x be 2/4*(-3 - -3 - 0). Suppose 6*c - 12*c + 210 = x. What is the tens digit of c?
3
Let v = -66 + 84. Let y be (-7)/2*-1*8. Let u = y - v. What is the tens digit of u?
1
Suppose 215 = 8*j - 3*j. Let i = j - -28. What is the units digit of i?
1
What is the units digit of (8/6)/((-24)/(-972))?
4
Let q = 307 - 239. What is the units digit of q?
8
What is the tens digit of -3 + (-6)/((-18)/1155)?
8
Let f(j) = 17*j - 168. What is the tens digit of f(32)?
7
Suppose 1 - 4 = -3*d. Suppose 0 = 2*t + d - 5. Suppose 0 = -5*x + 3*x + t. What is the units digit of x?
1
Suppose -n + 15 = 13. Suppose n*x - 4*q + 14 = 5*x, 0 = -4*x - 3*q + 14. Suppose -4*l = 3*h - 59, -x*l = -3*h + 17 - 60. What is the units digit of l?
7
Let a = -441 + 1344. What is the hundreds digit of a?
9
Let c be -1*(-3)/1 - 3. Suppose -2*k = c, 2*m - 3*k = m - 35. What is the tens digit of -5 + 1 - (m - 10)?
4
Let x be 3*(-4)/12*-2. Suppose 16 + 68 = x*w. What is the tens digit of w?
4
Suppose -8*s + 530 = 2*s. Suppose s*p + 900 = 58*p. What is the tens digit of p?
8
What is the thousands digit of ((-96802)/(-145))/(0 - (-4)/10)?
1
Let i = -320 + 742. What is the units digit of i?
2
Let j = -22 - -32. Let i be 4/j + (-64)/(-40). Suppose -3*o = i*c - 35, 0 = 4*o - 5*o - 2*c + 17. What is the units digit of o?
9
What is the hundreds digit of (-1)/(-2) - 0 - (-5810)/28?
2
Let m be (-6)/(4/12*-1*6). Suppose 5*z + 32 = -2*s + 221, -m*z = -2*s + 229. What is the hundreds digit of s?
1
Suppose -576*w - 122 = -577*w. What is the hundreds digit of w?
1
Suppose 2*b - 12*u - 433 = -17*u, 3*u + 639 = 3*b. What is the units digit of b?
4
Suppose 58 = 2*d - 2*c, -3*c + 33 - 8 = d. Suppose -i = 5*w - 56, 84 = i + 3*w + d. What is the units digit of i?
6
Suppose -4*i = 2*i. Suppose i*v + 315 = 9*v. What is the units digit of v?
5
Let o be (-33)/(-7) - (-2)/7. Suppose -3 - 2 = -c, 0 = o*i + 2*c - 135. Suppose p - i + 4 = 0. What is the units digit of p?
1
Let u be 1 + 1 + (6 - 11). Let s be (-14)/(u + -1 + 2). Suppose -6*z = -s*z + 7. What is the units digit of z?
7
Suppose 31 = n - u, -4*u = 5*n + u - 205. Suppose 2*v - 10 = n. What is the tens digit of v?
2
Let g(m) = -m**3 + 20*m**2 + m - 19. Let f be g(20). Let p = 29 - 18. Suppose -5*k = -p + f. What is the units digit of k?
2
Suppose -3400 = 142*g - 147*g. What is the tens digit of g?
8
Let a be (-3)/(-3)*(2 + 3). Suppose 0 = -3*t + a*t. Suppose t = -2*j - 4 + 38. What is the tens digit of j?
1
Let r(v) = 4*v**3 - 4*v**2 - 4*v - 3. Let m be r(5). Suppose 104 = g + i - 20, -4*i = 3*g - m. Suppose -31 = -5*y + g. What is the tens digit of y?
3
Suppose 3*u - 6 = -0. Let y(n) = -n**2 + n**3 + 5*n**u + 1 + 2*n**2. What is the tens digit of y(-5)?
2
Let f(z) = -174*z - 2. Let d be f(-3). Suppose 5*b - d = -5*v, 0 = 2*v + 3*b - 70 - 137. What is the units digit of v?
5
What is the tens digit of 1937/10 + 12/40?
9
Suppose -5*f + 51 = -2*k + 3*k, 3*f - 3*k = 45. What is the units digit of (0 - -130) + f/11?
1
Let w = -628 - -1175. What is the hundreds digit of w?
5
Suppose -3*l - 4*q + 2082 = 0, 4607 - 1831 = 4*l - 4*q. Suppose 5*u = -g + 248 + 10, 3*g - u - l = 0. What is the units digit of g?
3
Suppose -5*d - a = -1855, -3*d = -2*a - 1580 + 467. What is the hundreds digit of d?
3
Suppose -g + 5*g = 3*p - 22, -3*p - 5*g = 14. Suppose -4*z + 6 = -l, -p*l = -3*l + 3*z - 10. Let q = 57 + l. What is the units digit of q?
5
Let r = 4017 + -2230. What is the tens digit of r?
8
Suppose 2*z - 3*h = 3404, -5*z - h = -3*z - 3412. What is the hundreds digit of z?
7
Let n = 23 + -18. Suppose 13 = -n*p + 3, y + 5*p = 164. What is the tens digit of y?
7
Suppose 4*h = 4*u + 1680, -5*u + 3*h - 913 = 1189. Let i = u - -674. What is the units digit of i?
3
What is the tens digit of 17808/72*(2 + 1)?
4
Let m be ((-98)/(-35))/(1/5). Suppose m = -z - 10. Let v = 37 + z. What is the units digit of v?
3
Let y be 51/(-85) - (-2)/(-5). What is the units digit of (-3 - y)/(10/(-265))?
3
Let x = -1273 - -1797. What is the tens digit of x?
2
Let h(m) be the first derivative of -m**4/4 - 7*m**3/3 - 5*m**2 - 8*m - 30. What is the tens digit of h(-6)?
1
What is the units digit of 32373/18*(-44)/(-33)?
8
What is the hundreds digit of (13*(-22)/(-143))/((-1)/(-925))?
8
Suppose -r + 283 - 1798 = 5*c, -2*r = -4*c - 1198. Let m = c + 535. What is the tens digit of m?
3
Let o(y) = 1. Let f(d) = -47*d - 6. Let b(s) = f(s) + 5*o(s). What is the tens digit of b(-3)?
4
Suppose 4*j = -4*o, -2*j + 3*j = 0. What is the tens digit of o + 3 - (-189)/9?
2
Suppose -1526 = -7*m + 1155. What is the units digit of m?
3
Let k = -45 + 48. Let g(v) = 21*v + 7. What is the units digit of g(k)?
0
Suppose -3*n - 148 = -187. What is the tens digit of n?
1
Let w = 520 - -674. What is the tens digit of w?
9
Let y(j) = j**2 - 4*j + 3. Let q be y(2). Let x(m) = -52*m**3 + m**2. What is the units digit of x(q)?
3
Let c(l) = -l + 19. Let o be c(10). Suppose o + 90 = a - 2*x, -5*x = 5. What is the units digit of a?
7
Suppose 6*z = z + 20. Suppose -304 = -4*c - z*c. What is the units digit of c?
8
Let s be (0 - -5) + 0/(-1). Let z be ((-6)/s)/((-9)/(-60)). What is the units digit of z/20 + 42/5?
8
Suppose -2*o + 64 = -6*o. Let a = o + -25. What is the tens digit of -4*2/(-8) - a?
4
Let b = -1623 + 2806. What is the tens digit of b?
8
Let r(v) be the second derivative of 5*v**4/12 + 19*v**3/6 - 5*v**2/2 + 8*v. What is the units digit of r(-8)?
3
Let u(a) = a - 55 - 26 + 21. Let d be u(0). Let p = d + 101. What is the units digit of p?
1
Suppose 5270 = 17*i - 3060. What is the units digit of i?
0
Suppose 10 = -s + 6*s + 5*m, 5*s = -2*m - 2. Let u be s - -4 - (1 - 1). Suppose 4*g = u*g + 18. What is the units digit of g?
9
Let x(l) = l**2 - 3*l + 16. Let i be x(5). Suppose 6*j - i = 16. What is the units digit of j?
7
Suppose t + 696 = 3247. What is the tens digit of t?
5
Let o(d) = d**3 - d**2 - d + 1. Let i(g) = 4*g**3 + 3*g**2 + 2*g - 3. Let h(f) = i(f) + 2*o(f). Let n be h(-1). What is the tens digit of (10/4)/((-1)/n)?
1
Suppose -66*s + 45788 + 71098 = 0. What is the thousands digit of s?
1
Let t be 9*3/9 + -1. Suppose 3*b = -3, -3*i + t*i = -5*b - 59. What is the units digit of i?
4
Suppose -5*m = -4*b + 181, 0 = -3*b + 4*m - m + 135. Suppose b + 97 = h. What is the hundreds digit of h?
1
Let m = 337 + -275. What is the tens digit of m?
6
Suppose 59*w + 82 + 95 = 0. Let q(f) be the second derivative of -f**5/10 - 5*f**4/12 - 2*f**3/3 - f**2 + f. What is the units digit of q(w)?
9
L